In base 9, what is -2 + 143628?
143626
In base 5, what is -14030 + -1?
-14031
In base 16, what is -93 - -448?
3b5
In base 12, what is 91553 + -2?
91551
In base 12, what is 1501 + 46?
1547
In base 13, what is 1 + 126366?
126367
In base 13, what is -19c9 - -b4?
-1915
In base 16, what is 496ab2 + 3?
496ab5
In base 12, what is 10 + -1446?
-1436
In base 6, what is 235355352 - 5?
235355343
In base 6, what is -451112 - 3?
-451115
In base 13, what is -3159a + -1b?
-315b8
In base 16, what is -5 - -166?
161
In base 10, what is -637940 - 5?
-637945
In base 3, what is -22212021110 + 11?
-22212021022
In base 9, what is -606 - -1043?
336
In base 5, what is 124400 + -302?
124043
In base 15, what is 2 - 5581e?
-5581c
In base 15, what is -74b + -12d?
-879
In base 9, what is 118 + -245?
-126
In base 5, what is 0 + 33234?
33234
In base 4, what is -3332102 - 322?
-3333030
In base 16, what is 138 + -51f?
-3e7
In base 7, what is 10354 - 2600?
4454
In base 5, what is 114 - -321?
440
In base 10, what is -1024 - -15?
-1009
In base 4, what is -20 + -130322212?
-130322232
In base 10, what is -37771 + 3?
-37768
In base 2, what is 10 - -10011001000011100?
10011001000011110
In base 11, what is 100495 - 5?
100490
In base 5, what is 30 + -11303?
-11223
In base 12, what is 6 - -1b7385?
1b738b
In base 5, what is 3 + -112241142?
-112241134
In base 10, what is 335 - 131?
204
In base 11, what is 5 - -113596?
1135a0
In base 10, what is 7274 + 3?
7277
In base 2, what is 110110101001 + 1?
110110101010
In base 5, what is 2241 - 31244?
-24003
In base 2, what is -1010 - 100101100100100?
-100101100101110
In base 13, what is -3 + -27b7c?
-27b82
In base 10, what is -161 - -4920?
4759
In base 2, what is -1100101011010100010 + -101?
-1100101011010100111
In base 12, what is -4 + 2960?
2958
In base 10, what is 8535 - -2?
8537
In base 15, what is -4 + 1294c?
12948
In base 16, what is 30 + 4ed?
51d
In base 16, what is 7 + -3710?
-3709
In base 2, what is 1010100101 + -101101010?
100111011
In base 8, what is -6 + 10021?
10013
In base 13, what is -237164 - 2?
-237166
In base 16, what is 4b28d + 3?
4b290
In base 3, what is 1111021 - -1201?
1112222
In base 8, what is -54613 + 22?
-54571
In base 2, what is 1000000110 - 11011?
111101011
In base 15, what is -a59 - -14?
-a45
In base 15, what is 10 + -4e611?
-4e601
In base 14, what is -9192 - -14?
-917c
In base 15, what is -4b2 + -2bb?
-77d
In base 7, what is 1000 + -1213?
-213
In base 12, what is -a156b8 + 1?
-a156b7
In base 6, what is 1342015 + 0?
1342015
In base 5, what is 300240 + 1221?
302011
In base 5, what is 12 - 1012?
-1000
In base 13, what is -5363 - 3?
-5366
In base 12, what is -a3933 - 6?
-a3939
In base 10, what is -11717 + 3?
-11714
In base 7, what is -134565 + -5?
-134603
In base 8, what is -7464 - -266?
-7176
In base 12, what is -aba + b8?
-a02
In base 13, what is 143a - -35?
1472
In base 13, what is -aa3 - 81?
-b54
In base 10, what is 136 - -12621?
12757
In base 16, what is -cd - 1af3?
-1bc0
In base 15, what is 4 - 9789?
-9785
In base 4, what is -322201 - -21020?
-301121
In base 16, what is -3941 - 6?
-3947
In base 4, what is 21110 - 10211?
10233
In base 2, what is 101 - 111010110110110?
-111010110110001
In base 7, what is 2 + 10600520?
10600522
In base 14, what is -5 - 3d261?
-3d266
In base 7, what is -4 - -343466?
343462
In base 3, what is 10202 + -1102210221?
-1102200012
In base 5, what is -102 + -10100?
-10202
In base 5, what is -3 - -1104133?
1104130
In base 10, what is -548 + -32?
-580
In base 8, what is -33272 - 3?
-33275
In base 11, what is -337 + -1232?
-1569
In base 16, what is c + -23ed?
-23e1
In base 8, what is -5 - 3321407?
-3321414
In base 2, what is -1100001110011100011 + 10?
-1100001110011100001
In base 13, what is -27a - -2811?
2564
In base 6, what is 3522 - 102?
3420
In base 8, what is -3666 - 304?
-4172
In base 12, what is -4083 + 91?
-3bb2
In base 2, what is -10011 + -10100110100011?
-10100110110110
In base 10, what is -10530 + -1?
-10531
In base 14, what is -9a53 + -d?
-9a62
In base 10, what is -24 - 5611?
-5635
In base 8, what is 62 + -4776?
-4714
In base 16, what is -8fbce - 1?
-8fbcf
In base 11, what is 5 + -24565a?
-245655
In base 8, what is -3 + 2563340?
2563335
In base 8, what is 537570 - 0?
537570
In base 14, what is -3 + 9757?
9754
In base 11, what is 527 + 259?
785
In base 15, what is 2dc + 16cc?
19b9
In base 7, what is 1022 + -1641?
-616
In base 16, what is -13d + e1?
-5c
In base 3, what is 21010121200 + 0?
21010121200
In base 8, what is 25321 - -5?
25326
In base 7, what is -326660 + -4?
-326664
In base 14, what is -158057 - -3?
-158054
In base 12, what is -412 + 23?
-3ab
In base 8, what is 4 + -5265?
-5261
In base 11, what is 134 - 225?
-a1
In base 8, what is -564102 - 34?
-564136
In base 7, what is 5 - -40456?
40464
In base 7, what is -233516 + -2?
-233521
In base 3, what is 202011212002 + 12?
202011212021
In base 11, what is 77737 + 0?
77737
In base 6, what is 13213 + -40?
13133
In base 10, what is -6 - -88420?
88414
In base 14, what is 6a + 2c87?
2d13
In base 14, what is -10848 - 4?
-1084c
In base 3, what is -220210011112 - 110?
-220210011222
In base 13, what is -9a1 + -40?
-a11
In base 11, what is 868 + -39?
82a
In base 16, what is -b95e - -6?
-b958
In base 12, what is 26 + -104?
-9a
In base 2, what is -1011000011001101111 - -1?
-1011000011001101110
In base 12, what is 1 + -4438?
-4437
In base 6, what is 51202515 - -5?
51202524
In base 3, what is 1200020012 - -12?
1200020101
In base 6, what is -53204021 - -4?
-53204013
In base 13, what is 161 - -580?
711
In base 6, what is -210 - -12304?
12054
In base 9, what is 4 + 422010?
422014
In base 11, what is -15aaa - 80?
-1607a
In base 12, what is -489 - 15b?
-628
In base 9, what is 3 + 26327?
26331
In base 10, what is -10880 - 45?
-10925
In base 4, what is -301323323 + 0?
-301323323
In base 12, what is 1 + -2bab0?
-2baab
In base 3, what is -1020211011 - -1000?
-1020210011
In base 5, what is 40 - 11444220?
-11444130
In base 9, what is 1247 + -15?
1232
In base 12, what is -565 + 16?
-54b
In base 2, what is 110 - -111010000000011000?
111010000000011110
In base 2, what is -100101110101100010 + -10?
-100101110101100100
In base 9, what is 3054543 + 5?
3054548
In base 14, what is 3 + -310?
-30b
In base 6, what is -211031 + 5?
-211022
In base 2, what is 1 - -1011011111110010?
1011011111110011
In base 13, what is 11089 + -10?
11079
In base 10, what is -8 - -1612?
1604
In base 2, what is -11 + 111001100110110100011?
111001100110110100000
In base 4, what is 200 + -211120?
-210320
In base 2, what is 111 - -10011001010?
10011010001
In base 12, what is a + -725?
-717
In base 16, what is 14 - -5b08?
5b1c
In base 10, what is 10196 - -5?
10201
In base 2, what is 1110000000 + 100100000111?
110010000111
In base 3, what is -1010002 - -122122?
-110110
In base 6, what is 3034 + 1222?
4300
In base 5, what is 103120221 - 2?
103120214
In base 15, what is 0 - -2045?
2045
In base 14, what is 1082 + -5?
107b
In base 13, what is -22a57 - 5?
-22a5c
In base 5, what is -13 - -20203?
20140
In base 6, what is -1455434 - 13?
-1455451
In base 3, what is 222 + 1122101?
1200100
In base 9, what is -1527 - 385?
-2023
In base 10, what is -5 + 135504?
135499
In base 4, what is -1233313 - 1213?
-1301132
In base 7, what is 0 - -360610?
360610
In base 3, what is 12022021 - 110?
12021211
In base 3, what is 1100210 + 201000?
2001210
In base 4, what is 2133 - 20012?
-11213
In base 16, what is -33851 - 8?
-33859
In base 9, what is 4 - -141244?
141248
In base 13, what is 440 - 2?
43b
In base 8, what is 24665 - -7?
24674
In base 15, what is -3 - 25d281?
-25d284
In base 14, what is 3100 + 22?
3122
In base 9, what is 40854 + 2?
40856
In base 7, what is 33 + -41540?
-41504
In base 12, what is -19b86 - -1b?
-19b67
In base 8, what is 1 + 4171?
4172
In base 8, what is 214 - -12665?
13101
In base 3, what is 22211201102 + 2?
22211201111
In base 16, what is 46 + -71fb?
-71b5
In base 11, what is 1a - -643?
662
In base 14, what is -7 - 194d7?
-19500
In base 9, what is -22832 + -2?
-22834
In base 9, what is 5 + 2482?
2487
In base 3, what is 1 - -121121?
121122
In base 12, what is 5 - 58410?
-58407
In base 9, what is 6053 + 32?
6085
In base 2, what is -1011 + 1010001000?
1001111101
In base 10, what is 2023 + 1174?
319